{"id":26,"date":"2026-03-26T17:56:28","date_gmt":"2026-03-26T17:56:28","guid":{"rendered":"https:\/\/entex.fi\/wordpress\/?page_id=26"},"modified":"2026-04-05T16:01:41","modified_gmt":"2026-04-05T16:01:41","slug":"contact","status":"publish","type":"page","link":"https:\/\/entex.fi\/index.php\/contact\/","title":{"rendered":""},"content":{"rendered":"\n<div style=\"height:61px\" aria-hidden=\"true\" class=\"wp-block-spacer\"><\/div>\n\n\n\n<div class=\"wp-block-group alignwide has-white-background-color has-background is-layout-constrained wp-container-core-group-is-layout-e8498b1d wp-block-group-is-layout-constrained\" style=\"padding-right:20px;padding-left:20px\">\n<div class=\"wp-block-group alignwide is-layout-flow wp-container-core-group-is-layout-9e40f159 wp-block-group-is-layout-flow\" style=\"padding-bottom:30px\">\n<div class=\"wp-block-group alignwide is-layout-flow wp-block-group-is-layout-flow\" style=\"padding-right:10%;padding-bottom:40px;padding-left:10%\">\n<h2 class=\"wp-block-heading has-text-align-center animated animated-fadeInUp has-slider-title-font-size\" style=\"line-height:1.3\">YHTEYSTIEDOT<\/h2>\n<\/div>\n<\/div>\n\n\n\n<div class=\"wp-block-group alignwide is-layout-flow wp-block-group-is-layout-flow\" style=\"padding-top:16px\">\n<div class=\"wp-block-group is-layout-flow wp-block-group-is-layout-flow\">\n<div class=\"wp-block-group alignwide is-layout-flow wp-block-group-is-layout-flow\">\n<div class=\"wp-block-columns is-layout-flex wp-container-core-columns-is-layout-28f84493 wp-block-columns-is-layout-flex\">\n<div class=\"wp-block-column is-layout-flow wp-block-column-is-layout-flow\">\n<div class=\"wp-block-group alignwide has-shadow-dark animated animated-fadeInUp has-white-background-color has-background is-layout-constrained wp-container-core-group-is-layout-69de643f wp-block-group-is-layout-constrained\" style=\"border-radius:5px;padding-top:40px;padding-right:40px;padding-bottom:40px;padding-left:40px\">\n<div class=\"wp-block-group is-layout-flow wp-block-group-is-layout-flow\" style=\"padding-bottom:15px\">\n<figure class=\"wp-block-gallery aligncenter has-nested-images columns-default is-cropped wp-block-gallery-2 is-layout-flex wp-block-gallery-is-layout-flex\">\n<figure class=\"wp-block-image size-full has-custom-border wp-duotone-unset-1\"><img loading=\"lazy\" decoding=\"async\" width=\"474\" height=\"474\" data-id=\"224\" src=\"https:\/\/entex.fi\/wp-content\/uploads\/2026\/04\/Entex-Puhelin.jpg\" alt=\"\" class=\"wp-image-224\" style=\"border-radius:0px\" srcset=\"https:\/\/entex.fi\/wp-content\/uploads\/2026\/04\/Entex-Puhelin.jpg 474w, https:\/\/entex.fi\/wp-content\/uploads\/2026\/04\/Entex-Puhelin-300x300.jpg 300w, https:\/\/entex.fi\/wp-content\/uploads\/2026\/04\/Entex-Puhelin-150x150.jpg 150w\" sizes=\"auto, (max-width: 474px) 100vw, 474px\" \/><\/figure>\n<\/figure>\n<\/div>\n\n\n\n<h3 class=\"wp-block-heading has-text-align-center\" style=\"margin-top:10px;margin-right:10px;margin-bottom:10px;margin-left:10px\">PUHELIN<\/h3>\n\n\n\n<p class=\"has-text-align-center\">0406 521 055<\/p>\n<\/div>\n<\/div>\n\n\n\n<div class=\"wp-block-column is-layout-flow wp-block-column-is-layout-flow\">\n<div class=\"wp-block-group alignwide has-shadow-dark animated animated-fadeInUp has-white-background-color has-background is-layout-constrained wp-container-core-group-is-layout-69de643f wp-block-group-is-layout-constrained\" style=\"border-radius:5px;padding-top:40px;padding-right:40px;padding-bottom:40px;padding-left:40px\">\n<div class=\"wp-block-group is-layout-flow wp-block-group-is-layout-flow\" style=\"padding-bottom:15px\">\n<figure class=\"wp-block-image aligncenter size-full has-custom-border wp-duotone-unset-3\"><img loading=\"lazy\" decoding=\"async\" width=\"600\" height=\"600\" src=\"https:\/\/entex.fi\/wp-content\/uploads\/2026\/04\/mail-hi.png\" alt=\"\" class=\"wp-image-228\" style=\"border-radius:0px\" srcset=\"https:\/\/entex.fi\/wp-content\/uploads\/2026\/04\/mail-hi.png 600w, https:\/\/entex.fi\/wp-content\/uploads\/2026\/04\/mail-hi-300x300.png 300w, https:\/\/entex.fi\/wp-content\/uploads\/2026\/04\/mail-hi-150x150.png 150w, https:\/\/entex.fi\/wp-content\/uploads\/2026\/04\/mail-hi-475x475.png 475w\" sizes=\"auto, (max-width: 600px) 100vw, 600px\" \/><\/figure>\n<\/div>\n\n\n\n<h3 class=\"wp-block-heading has-text-align-center\" style=\"margin-top:10px;margin-right:10px;margin-bottom:10px;margin-left:10px\">S\u00c4HK\u00d6POSTI<\/h3>\n\n\n\n<p class=\"has-text-align-center\"><a href=\"info@entex.fi\" data-type=\"link\" data-id=\"info@entex.fi\">info@entex.fi<\/a><\/p>\n<\/div>\n<\/div>\n\n\n\n<div class=\"wp-block-column is-layout-flow wp-block-column-is-layout-flow\">\n<div class=\"wp-block-group alignwide has-shadow-dark animated animated-fadeInUp has-white-background-color has-background is-layout-constrained wp-container-core-group-is-layout-69de643f wp-block-group-is-layout-constrained\" style=\"border-radius:5px;padding-top:40px;padding-right:40px;padding-bottom:40px;padding-left:40px\">\n<div class=\"wp-block-group is-layout-flow wp-block-group-is-layout-flow\" style=\"padding-bottom:15px\">\n<figure class=\"wp-block-image aligncenter size-full has-custom-border wp-duotone-unset-4\"><img loading=\"lazy\" decoding=\"async\" width=\"401\" height=\"400\" src=\"https:\/\/entex.fi\/wp-content\/uploads\/2026\/04\/Entex-osoite.jpg\" alt=\"\" class=\"wp-image-232\" style=\"border-radius:0px\" srcset=\"https:\/\/entex.fi\/wp-content\/uploads\/2026\/04\/Entex-osoite.jpg 401w, https:\/\/entex.fi\/wp-content\/uploads\/2026\/04\/Entex-osoite-300x300.jpg 300w, https:\/\/entex.fi\/wp-content\/uploads\/2026\/04\/Entex-osoite-150x150.jpg 150w\" sizes=\"auto, (max-width: 401px) 100vw, 401px\" \/><\/figure>\n<\/div>\n\n\n\n<h3 class=\"wp-block-heading has-text-align-center\" style=\"margin-top:10px;margin-right:10px;margin-bottom:10px;margin-left:10px\">OSOITE<\/h3>\n\n\n\n<p class=\"has-text-align-center\">Nummenp\u00e4\u00e4ntie 313 , Nurmij\u00e4rvi 01860<\/p>\n<\/div>\n<\/div>\n<\/div>\n<\/div>\n\n\n\n<div class=\"wp-block-group alignwide is-layout-flow wp-block-group-is-layout-flow\">\n<div class=\"wp-block-columns is-layout-flex wp-container-core-columns-is-layout-28f84493 wp-block-columns-is-layout-flex\">\n<div class=\"wp-block-column has-shadow-dark animated animated-fadeInUp is-layout-flow wp-block-column-is-layout-flow\" style=\"padding-top:10px;padding-right:10px;padding-bottom:10px;padding-left:10px\">\n<p class=\"has-large-font-size\" style=\"padding-top:var(--wp--preset--spacing--20);padding-right:0;padding-bottom:var(--wp--preset--spacing--20);padding-left:0\"><strong>LASKUT<\/strong><\/p>\n\n\n\n<p class=\"has-content-heading-font-size\"><strong>MAVENTA <\/strong><\/p>\n\n\n\n<p class=\"has-content-heading-font-size\">Verkkolaskuosoite &#8211;  003729172615<\/p>\n\n\n\n<p class=\"has-content-heading-font-size\">Operaatoritunnus  &#8211; 003721291126<\/p>\n<\/div>\n<\/div>\n<\/div>\n<\/div>\n<\/div>\n<\/div>\n\n\n\n<div style=\"height:61px\" aria-hidden=\"true\" class=\"wp-block-spacer\"><\/div>\n\n\n\n<p><\/p>\n","protected":false},"excerpt":{"rendered":"<p>YHTEYSTIEDOT PUHELIN 0406 521 055 S\u00c4HK\u00d6POSTI info@entex.fi OSOITE Nummenp\u00e4\u00e4ntie 313 , Nurmij\u00e4rvi 01860 LASKUT MAVENTA Verkkolaskuosoite &#8211; 003729172615 Operaatoritunnus &#8211; 003721291126<\/p>\n","protected":false},"author":1,"featured_media":0,"parent":0,"menu_order":0,"comment_status":"closed","ping_status":"closed","template":"template-pagebuilder.php","meta":{"footnotes":""},"class_list":["post-26","page","type-page","status-publish","hentry"],"_links":{"self":[{"href":"https:\/\/entex.fi\/index.php\/wp-json\/wp\/v2\/pages\/26","targetHints":{"allow":["GET"]}}],"collection":[{"href":"https:\/\/entex.fi\/index.php\/wp-json\/wp\/v2\/pages"}],"about":[{"href":"https:\/\/entex.fi\/index.php\/wp-json\/wp\/v2\/types\/page"}],"author":[{"embeddable":true,"href":"https:\/\/entex.fi\/index.php\/wp-json\/wp\/v2\/users\/1"}],"replies":[{"embeddable":true,"href":"https:\/\/entex.fi\/index.php\/wp-json\/wp\/v2\/comments?post=26"}],"version-history":[{"count":27,"href":"https:\/\/entex.fi\/index.php\/wp-json\/wp\/v2\/pages\/26\/revisions"}],"predecessor-version":[{"id":245,"href":"https:\/\/entex.fi\/index.php\/wp-json\/wp\/v2\/pages\/26\/revisions\/245"}],"wp:attachment":[{"href":"https:\/\/entex.fi\/index.php\/wp-json\/wp\/v2\/media?parent=26"}],"curies":[{"name":"wp","href":"https:\/\/api.w.org\/{rel}","templated":true}]}}